3 - 3*o**2/2 - 3*o - 1. Let f be (-8 - -2)/(7/(-21)). Let a(p) = -2*p + 41. Let d be a(f). Calculate x(d).
7
Let a = -116 + 113. Let l(n) = -n**2 - 8*n - 9. Let v be l(-6). Let u(q) = 3*q - 3*q + 3 + v*q. Determine u(a).
-6
Let h(j) = -7*j. Let v = 57 + -43. Suppose -3*w - 4*w - v = 0. Determine h(w).
14
Let h(n) = 4*n + 6 - n - 2*n. Let o(r) = -1. Let q(t) = -h(t) + o(t). Let v be 6/(-24 + 23) + 6. Calculate q(v).
-7
Let f(n) = -n + 1. Let u(d) = 2*d**2 + 28*d + 81. Let j be u(-10). Give f(j).
0
Suppose -2*j + 5*h + 2 = -3, -h = -5*j + 24. Let q(m) = 2*m + 3*m - j*m + 4*m + 5. Determine q(4).
21
Let t be 1/(-2 + 1) - 16. Let z = 19 + t. Let k(c) = 3*c - 2*c**z + 2*c**2 + 3 - c**2. Give k(5).
-7
Let f(z) be the first derivative of 2 + 0*z - 9 + 4*z - z**2 - 1. Give f(6).
-8
Let t = 604 - 600. Let j(l) = 2*l**2 - 5*l + 4. Calculate j(t).
16
Let p(l) be the first derivative of l**3/3 - 5*l**2/2 + 8*l - 135. Calculate p(6).
14
Suppose -4*u - 14 = -38. Suppose -u*k = -18*k. Let d(l) = -l**3 + l**2 + l + 7. Give d(k).
7
Let j be (3/(-2))/((-1)/2). Let s(n) = 45 - 49 + n + 2*n. What is s(j)?
5
Let d(v) = v**2 + 3*v - 6. Let q be ((-6)/18)/(2/(-618)). Suppose 0 = -107*w + q*w - 24. Give d(w).
12
Suppose 4 = 3*m + d, m + 2 + 0 = -d. Suppose n = 2*f - 1, -m*f = n - 8*f - 2. Let c(a) be the first derivative of a**3/3 + 5*a**2/2 + 3*a - 2. Determine c(n).
-3
Let b(i) = 19*i + 25*i - 45*i. Let c(x) = 2*x**2 + 14*x. Let m(o) = 28*b(o) + 2*c(o). Give m(1).
4
Let j(x) = 5*x - 36. Let a be j(8). Let t(l) be the second derivative of 1/12*l**a - 5/6*l**3 + 3*l**2 + 2*l + 0. Determine t(4).
2
Let n(s) be the third derivative of 0 + 1/6*s**3 + 1/8*s**4 + 0*s - 13*s**2. Calculate n(-2).
-5
Let d(j) = -2*j**2 - 24*j - 5. Let p(s) = -s**2 - 17*s - 5. Let r(f) = -2*d(f) + 3*p(f). Give r(0).
-5
Suppose 16 = t + 3*t + 3*i, -15 = t - 4*i. Let a(h) = 6*h**3 + 2*h - 1. Calculate a(t).
7
Let t = 14 - 8. Let w(n) = 5*n + 3 + 9*n - 12 - 11*n. What is w(t)?
9
Let i(c) = 6*c**2 - 7*c**3 - 746*c + 8*c**3 + 381*c + 9 + 366*c - 2. Let m(d) = -4*d + 3. Let p be m(2). Determine i(p).
27
Let l be 2/(-6) - 57/(-9). Let u(i) = -21*i**3 - 10*i**2 - 3*i + 11. Let j(v) = -13*v**3 - 7*v**2 - 2*v + 7. Let s(d) = -8*j(d) + 5*u(d). Determine s(l).
5
Let d(h) be the third derivative of 0 + 1/24*h**4 + 4*h**2 + 1/6*h**3 + 0*h - 1/60*h**5. Determine d(3).
-5
Let q be (-4521)/(-297) - 6/27. Let t(f) = f - 28. Calculate t(q).
-13
Let l(u) = -11*u + 18. Let c(w) = -7*w + 12. Suppose 4*o - 2 = 30. Let k(s) = o*c(s) - 5*l(s). Determine k(6).
0
Let g(h) = h**2 + 7*h + 5. Suppose -1 = 4*x + 55. Let v(p) = p**2 + 11*p - 20. Let n be v(x). Suppose 0 = c + c + 4*j + 32, -2*c - 2*j = n. What is g(c)?
-1
Suppose -5*d - 2*v + 43 = 0, -5*d - 51 = -10*d - 4*v. Let p(h) = -d*h**3 - 2 + 8*h**3 + 1 + 7*h**3. What is p(1)?
7
Let u(q) be the third derivative of q**4/24 - 4*q**3/3 - 145*q**2. Determine u(-9).
-17
Let m = -230 + 228. Let z(i) = -2*i - 3. Give z(m).
1
Let m = -5 + 4. Let h(o) = -o**2 - o - 1. Let q(d) = 5*d**2 + 6. Let j(k) = m*q(k) - 6*h(k). Determine j(-6).
0
Suppose 0 = 2*u, 0*x - 3*x = 2*u - 21. Let i = -5 + x. Let m(n) = -4 + 2 + n - i. Calculate m(2).
-2
Let w(f) = -f**2 - 8*f. Let c = -679 + 672. Give w(c).
7
Let d(z) be the first derivative of z**6/360 - z**5/120 - z**4/12 + 20*z**3/3 - 3. Let s(m) be the third derivative of d(m). Give s(-3).
10
Let p(c) = 2*c + 7. Let h(k) = 3*k + 7. Let q(j) = 3*h(j) - 4*p(j). Let v(l) = -l**3 - 11*l**2 + 7*l - 55. Let x be v(-12). Give q(x).
-2
Let k = -24 - -46. Suppose 5*h + 47 = -3*d, -2*h - d - d = k. Let z(a) = -a**3 - 7*a**2 - 4. What is z(h)?
-4
Let w(t) = 3*t**2 + 9 - 14 - 6*t - 4*t**2. Suppose -2*l = 2*l + 2*h - 96, -4*l + 3*h + 116 = 0. Suppose 5*u - m = -l, -3*m - 11 = 2*u - 4*m. What is w(u)?
0
Let t = -62 + 69. Let l(k) be the second derivative of k**3/3 + 3*k**2/2 - 33*k. Give l(t).
17
Let h(l) = -85*l - 82*l + l**2 + 241*l - 77*l. Calculate h(5).
10
Let t(o) = 1 - 4*o - 6 + 2 - 3*o**3 + 11*o**2. Let a(u) = 2*u**3 - 7*u**2 + 3*u + 2. Let c(l) = -3*l - 2. Let z be c(-3). Let m(w) = z*a(w) + 5*t(w). Give m(6).
5
Let v(m) be the second derivative of m**5/20 + 5*m**4/12 + m**3/6 + m**2/2 + 106*m + 2. What is v(-2)?
11
Let h(z) = -z + 9*z - z**2 - 6 + 0*z**2 + 0*z**2. Suppose 4*i = -3*i + 56. Determine h(i).
-6
Let s(h) = 5*h**3 + 41*h**2 + 31*h - 41. Let t(l) = -l**3 - 8*l**2 - 6*l + 8. Let p(c) = 2*s(c) + 11*t(c). Let f = -13 + 7. Let k = f + 1. What is p(k)?
1
Let i(f) = 2 + 3*f**2 + 2 - 2*f - 4*f**3 + 5*f**3. Suppose -3*s = -9*s - 24. Let y be 26/(-10) - s/(-10). Calculate i(y).
10
Let p(t) be the third derivative of -t**4/8 + t**3 - 35*t**2. Calculate p(-7).
27
Let q(u) be the third derivative of -3/2*u**3 - 3*u**2 + 0 + 1/120*u**6 + 0*u - 1/24*u**4 + 7/60*u**5. What is q(-7)?
-2
Let s(q) = -q - 7. Let r be s(-5). Let g(p) = p**3 + 3*p**2 + p + 1. Let x be g(r). Let v be 1/(x + (-22)/8). Let l(y) = -y**3 + 4*y**2 - 2*y. Calculate l(v).
-8
Let z = 762 + -762. Let g(p) = -p**3 + p + 12. Determine g(z).
12
Let a(z) = z**3 - 5*z**2 + 4*z - 1. Suppose 5*l = 7*l. Suppose l*j = j - 2. Suppose p = 4*n - 3, p - 2*n = j - 1. Calculate a(p).
19
Let l(z) be the second derivative of -11/12*z**4 + 0 + z + 0*z**3 - 1/2*z**2. Suppose -3*c + 3*n - 6 = 0, 5*c = 2*c + 4*n - 9. Determine l(c).
-12
Let l(m) = -4*m + 83. Let g be l(21). Let k(n) = -1 - n + 5 - 3. Let s be k(g). Let a(q) = -7*q - 2. Calculate a(s).
-16
Let q(i) = i**3 - 5*i**2 + 3*i + 3. Let p = -52 + 64. Let z = p + -9. Determine q(z).
-6
Let s(w) = 4 - 4*w + 0*w**2 - 5*w**2 - 3*w**3 + 3*w**3 - w**3. Give s(-4).
4
Let h(o) = o**2 + o. Let n be 3/9 - 2/(-3). Let t(l) = -5*l**2 - l + 1. Let w(s) = n*t(s) + 6*h(s). Let g(r) = -2*r**2 - 2*r - 1. Let b be g(-2). Give w(b).
1
Suppose -3*n = 1 - 40. Let d(o) = n - 4*o - 6 - 11. Determine d(-3).
8
Let f(r) be the second derivative of 0 - 4*r - 1/12*r**4 + r**3 - 1/2*r**2. Give f(7).
-8
Let r(t) = 7*t**3 + 15*t**2 + 19*t + 28. Let m(g) = 13*g**3 + 30*g**2 + 37*g + 51. Let l(y) = 6*m(y) - 11*r(y). What is l(-14)?
12
Let a(x) = -3*x - 68. Let h be a(-21). Let s(o) = o**2 + 2*o - 4. Give s(h).
11
Suppose 0 = -3*v + 4*t - 11, -3*v - v = -2*t - 2. Let x(d) = -d**3 + 5*d**2 + 3*d + 1. Calculate x(v).
28
Let p(g) = g - 5. Let m be 5 + 0/5 + -15. Let y be 3 + -4*m/8. Calculate p(y).
3
Let p = 99 - 97. Let z be 1/4 - 14/(-8). Let c be -6*z/p - 0. Let k(t) = -2*t - 8. What is k(c)?
4
Let y(g) = -5*g**2 + 6*g + 9. Let n(p) = -14*p + 0 - 5*p + 25*p + 8 - 4*p**2. Let j(b) = 4*n(b) - 3*y(b). Determine j(6).
5
Let j be ((-148)/(-259))/(4/14). Let n(z) = z**3 - 2*z**2 + 2*z + 2. Give n(j).
6
Let o be (-3)/(((-75)/(-55))/5). Let g(y) = -y + 2. What is g(o)?
13
Let t(p) = -p**2 + 6*p + 1. Suppose -2*i + 6 = 0, 4*b - 10 = -3*i + 11. Suppose -j - b + 8 = 0. Determine t(j).
6
Let z(f) = -3*f - 5. Let a(q) = -q - 37. Let r be a(-46). Determine z(r).
-32
Suppose 0*m = -3*u - m - 18, 12 = -2*u + 5*m. Let l(d) = -3 - 5*d**2 + 2 - 8*d**3 + 7*d + 9 + 15*d**3 - 8*d**3. Give l(u).
2
Suppose -2*u + 3*x = 8*x - 18, 0 = -4*u - x. Let m(g) = 4*g**3 - g**2 + 1. Calculate m(u).
-4
Suppose -2*m - 3 = -5*d, -d - 4 = m - 6*m. Let z(u) = -4*u**2 + 1. Determine z(m).
-3
Let m(l) = l**2 - 4*l - 7. Suppose 0 = 68*d - 47*d - 84. Give m(d).
-7
Let c be (-1)/(-6)*2*(-89 + 2). Let d = 36 + c. Let z(o) = o**2 - 7*o + 5. Calculate z(d).
5
Suppose -4*d = 2 + 6. Let c be (-8)/(-5) + d + (-36)/10. Let x(b) = 4*b + 2. Give x(c).
-14
Let k(p) = 9*p. Suppose 0 = 4*u - 196 + 200. Calculate k(u).
-9
Let v be 2*(-3)/(3/(-2)). Let d(o) = -2*o**2 - 23*o - 9. Let c(w) = -5*w**2 - 63*w - 24. Let j(h) = -3*c(h) + 8*d(h). Determine j(v).
4
Let t(z) = 17*z**2 + 1. Let n(y) = -7*y - 64. Let i be n(-9). What is t(i)?
18
Suppose -4*a = -2*y - 2, -9 = -0*a - 3*a. Suppose 4*b = -y*b + 4*b. Let h(v) = v + 4 + 0*v + 1 + v**2. Give h(b).
5
Let n(a) = -a**2 + 34*a - 267. Let k be n(14). Let o(s) = 2*s - 29. Give o(k).
-3
Suppose 7*a = 10*a + 6. Let v(i) = 3*i + 3. Let b(n) = -4*n - 3. Let q(p) = 16*p + 12. Let o(c) = 9*b(c) + 2*q(c). Let w(g) = a*o(g) - 3*v(g). Calculate w(-5).
2
Let n be 4/(-14) - 64/(-28). Let r(j) = -1 + 29*j**2 - j + 7*j - 35*j**2. Let z(l) = -5*l**2 + 5*l - 1. Let g(x) = 2*r(x) - 3*z(x). Calculate g(n